?
110
Calculate the greatest common divisor of 168 and 44840712.
168
What is the highest common factor of 969 and 2726481?
57
Calculate the highest common factor of 6789 and 345217.
73
What is the highest common divisor of 50 and 7611950?
50
What is the greatest common factor of 19415 and 2585?
55
Calculate the highest common factor of 13405917 and 4872.
609
What is the highest common factor of 4167036 and 72?
36
Calculate the highest common factor of 11108546 and 5215.
149
What is the highest common factor of 191 and 28120357?
191
Calculate the highest common factor of 77952 and 8524782.
1218
What is the highest common divisor of 236711 and 24063263?
3533
Calculate the highest common divisor of 1077 and 17170970.
359
What is the highest common divisor of 14959038 and 13356?
318
What is the highest common factor of 21 and 633010812?
21
What is the greatest common factor of 1297 and 345983829?
1297
Calculate the highest common factor of 14804500 and 60.
20
Calculate the greatest common divisor of 91004 and 1084.
4
What is the greatest common divisor of 53 and 6318660?
53
Calculate the greatest common factor of 34620511 and 194347.
1783
What is the greatest common factor of 127624 and 19716?
212
What is the greatest common divisor of 2202505 and 180?
5
Calculate the greatest common divisor of 2784603 and 3786.
1893
What is the greatest common factor of 124 and 752469634?
62
Calculate the greatest common factor of 420 and 6163276.
28
What is the greatest common factor of 2771270 and 782?
46
What is the highest common divisor of 287217 and 45368064?
6111
What is the highest common divisor of 557938 and 52?
2
Calculate the highest common divisor of 23905 and 254171620.
3415
Calculate the greatest common divisor of 261324 and 3402.
126
What is the highest common divisor of 10951 and 203369?
47
Calculate the highest common factor of 1742 and 6053182.
134
Calculate the highest common divisor of 1513610 and 36540.
70
What is the greatest common factor of 56133 and 393239?
77
What is the highest common factor of 3608751 and 303?
3
Calculate the greatest common factor of 181 and 1979959.
181
Calculate the highest common divisor of 211470 and 1305390.
1590
What is the greatest common factor of 1102 and 75721175?
551
What is the highest common divisor of 77662314 and 378?
54
Calculate the highest common factor of 9470 and 12300.
10
What is the highest common factor of 77 and 6155611?
77
What is the greatest common divisor of 451913 and 539?
77
What is the highest common divisor of 36 and 619607916?
36
Calculate the highest common divisor of 155781 and 2043.
9
What is the highest common factor of 412198 and 7138?
86
What is the greatest common divisor of 35092 and 228346?
62
Calculate the highest common factor of 37128 and 308784.
168
What is the greatest common factor of 19516902 and 1230?
246
Calculate the greatest common divisor of 515752 and 56.
8
What is the greatest common factor of 262152 and 426659?
331
What is the highest common divisor of 10063150 and 2550?
850
Calculate the greatest common factor of 882 and 109033470.
126
Calculate the highest common divisor of 1956 and 27456861.
489
What is the greatest common factor of 230824 and 846?
2
Calculate the greatest common factor of 143096595 and 7455.
1065
What is the greatest common factor of 401958612 and 484?
484
What is the greatest common divisor of 21288 and 17384313?
2661
What is the highest common divisor of 262102950 and 20?
10
What is the greatest common factor of 434 and 24149248?
62
Calculate the highest common factor of 298335969 and 36.
9
What is the greatest common divisor of 206019 and 1764?
9
Calculate the highest common divisor of 49923693 and 7326.
333
Calculate the highest common factor of 656512 and 620609.
5129
What is the highest common factor of 3781 and 1690031?
19
What is the greatest common factor of 17238000 and 64311?
663
What is the greatest common divisor of 961 and 39158394?
31
What is the highest common factor of 1096092 and 9082692?
5508
What is the highest common divisor of 32351268 and 6?
6
Calculate the highest common factor of 614083 and 28724.
43
Calculate the greatest common divisor of 2145 and 9399170.
55
What is the highest common factor of 1980768 and 50055?
141
Calculate the highest common factor of 12342 and 665610.
66
Calculate the highest common divisor of 224189 and 469.
7
Calculate the greatest common factor of 4 and 6325159.
1
Calculate the greatest common factor of 1012 and 13799540.
92
What is the greatest common divisor of 252232 and 2438680?
328
What is the greatest common divisor of 2287300 and 78385?
1285
What is the highest common divisor of 149544728 and 4?
4
What is the greatest common divisor of 80 and 16454440?
40
What is the greatest common factor of 89635 and 39650?
65
Calculate the highest common factor of 796664 and 30976.
968
What is the highest common factor of 639286166 and 404?
202
What is the greatest common divisor of 64395 and 2878165?
265
What is the greatest common factor of 3990141 and 4293?
81
What is the highest common factor of 58327 and 51277?
47
Calculate the highest common factor of 75589090 and 3020.
1510
Calculate the greatest common factor of 81440541 and 1456.
91
What is the greatest common divisor of 16 and 362209360?
16
What is the greatest common factor of 956920 and 1562280?
1880
What is the greatest common factor of 11 and 63945244?
11
Calculate the highest common factor of 14 and 15322867.
7
Calculate the greatest common divisor of 64133 and 205202.
59
Calculate the highest common factor of 29210220 and 102999.
741
Calculate the greatest common factor of 190509 and 69828.
759
What is the highest common divisor of 4046 and 4053514?
578
What is the highest common divisor of 137918 and 9014822?
12538
What is the greatest common factor of 66757108 and 2068?
2068
Calculate the greatest common divisor of 24383358 and 690.
138
Calculate the highest common divisor of 15589 and 5620132.
119
What is the highest common divisor of 485 and 29654355?
485
Calculate the greatest common factor of 63029480 and 80.
40
What is the highest common factor of 80 and 4935012?
4
What is the highest common factor of 16756 and 147854?
118
What is the greatest common factor of 77931749 and 665?
133
What is the highest common factor of 15424 and 1412742?
482
Calculate the highest common divisor of 1597812597 and 27.
9
Calculate the highest common factor of 24418 and 94337.
29
Calculate the greatest common divisor of 428520 and 1752.
24
What is the greatest common divisor of 15 and 2133372?
3
Calculate the greatest common factor of 6133944 and 5502.
786
What is the greatest common divisor of 20822764 and 706?
706
Calculate the highest common factor of 306778 and 14758.
314
Calculate the highest common divisor of 2402 and 94314530.
2402
What is the greatest common factor of 972 and 10397970?
486
Calculate the highest common divisor of 440 and 8063.
11
Calculate the greatest common factor of 128632590 and 1431.
1431
Calculate the greatest common factor of 4804415 and 7.
7
Calculate the highest common divisor of 70 and 1289464120.
70
Calculate the greatest common divisor of 270384 and 106.
2
Calculate the greatest common factor of 1439 and 96247515.
1439
What is the highest common divisor of 948 and 151956?
12
Calculate the highest common factor of 678392 and 1364.
44
Calculate the highest common divisor of 12826980 and 3420.
180
Calculate the highest common divisor of 173840 and 6678.
106
Calculate the greatest common factor of 393 and 3091.
1
Calculate the highest common factor of 302412 and 10021308.
10428
What is the greatest common factor of 71768239 and 2?
1
Calculate the highest common factor of 6412 and 18824029.
1603
What is the highest common factor of 9238 and 297477457?
4619
Calculate the greatest common divisor of 36194728 and 8.
8
Calculate the greatest common divisor of 654417 and 5472.
171
What is the greatest common divisor of 4512 and 1724304?
48
Calculate the greatest common divisor of 35186 and 19126.
146
Calculate the highest common divisor of 2967 and 32080236.
129
What is the greatest common divisor of 31104866 and 39?
13
Calculate the highest common divisor of 479919 and 10461.
33
Calculate the greatest common facto